v**2 - 6*v + 5. Let g be s(-6). Suppose -3*n - 15 = 0, -g*y + 3*n + 8 = -7. Let x = 97 + y. Is x composite?
False
Let y = 19 + 18. Let s = 260 - y. Is s prime?
True
Let m(q) = -44722*q**3 + q + 2. Is m(-1) a prime number?
False
Let y = 699 + -382. Is y prime?
True
Suppose 2*n = 5*c - n - 18, 0 = 3*n + 3. Suppose -c*s + 157 = 2*a, 260 = 5*s - 0*a + 5*a. Is s a composite number?
False
Let l = 2451 + -1090. Is l a composite number?
False
Let q(w) = 53*w**2 - 25*w - 191. Is q(23) a composite number?
False
Suppose 0 = -5*n + 12*s - 17*s + 65210, 39128 = 3*n + s. Is n a prime number?
True
Let w(b) = b**2 + 9*b + 2. Let f be w(-7). Let u = -10 - f. Suppose u*q = 3*q - 237. Is q composite?
True
Let y = -76 + 85. Is (-11)/y - -1 - 104907/(-297) a composite number?
False
Let b = 399 - -5. Let m = b - 67. Is m prime?
True
Is -6*(114969/18)/(-19) a prime number?
True
Let z be 3 + 39/3 - 2. Suppose 9*t - z*t + 6995 = 0. Is t prime?
True
Let f(t) = 2*t**3 - 17*t**2 + 3*t + 10. Let r be f(8). Let s = r + 721. Is s a prime number?
True
Is 66291/(-38)*(-2)/3 a prime number?
True
Is 14471667/567 - 4/18 prime?
True
Let g = -336 + 2355. Is g a prime number?
False
Let f(x) = -11*x**3 + x**2 - 11*x - 12. Let v be f(-4). Let n(g) = 3*g. Let q be n(2). Suppose v + 1270 = q*i. Is i composite?
False
Suppose 2*f + 2*n = 484, n - 3*n + 239 = f. Suppose 0 = 3*x - 5*y - 165 - 79, -f = -3*x + 4*y. Is x prime?
True
Let z(k) = -k**3 + 3*k**2 + 1. Let j be z(2). Suppose 3 = -5*o - j*v + 23, 3*v - 8 = o. Is 2 + o - (0 + -146) composite?
False
Let g be 2/(-3)*-1*18/(-4). Is 6407/2 + (-2)/((-12)/g) prime?
True
Let m = -1789 + 3429. Let a = m - -1139. Is a composite?
True
Let k(n) = -20*n. Let g be k(-2). Let z = -53 + 39. Let r = g + z. Is r prime?
False
Let j = -15 - -21. Suppose 284 = -j*v + 2*v. Let d = v - -126. Is d prime?
False
Let n(c) = -c - 1. Let x(y) = 6*y + 9. Let o = -2 + 3. Let z(j) = o*n(j) - x(j). Is z(-9) prime?
True
Suppose 5*m - 45 = -5*v, -5*v = -3*m - m - 9. Let f be 2/v + 13206/10. Suppose f = 5*j - w - 0*w, -4 = -w. Is j a composite number?
True
Let b = 90 - 76. Suppose -46095 = -b*h - 12089. Is h a prime number?
False
Let o be -2 - (-1)/(5/5). Let k(j) = -1252*j + 3. Is k(o) prime?
False
Suppose 0 = -3*w + 3*v - 423, -2*w = 3*v + 154 + 138. Let s = 537 - 615. Let t = s - w. Is t composite?
True
Let p(c) = -c**2 + c + 7. Let g be p(0). Suppose g = 5*o + 2. Is (-1*o)/((-8)/984) composite?
True
Let z = 38 - 36. Suppose 0 = -z*o + 160 + 6. Is o a prime number?
True
Suppose 4*x + d + 4 = 0, 5*d - 4 = -0*x + 4*x. Let m be x/(-2)*0 - -11. Suppose 0 = -4*l + 3 - m, n - 87 = -2*l. Is n a prime number?
False
Let x(o) = -7961*o**3 - 2*o - 2. Is x(-1) composite?
True
Let h(d) = d**2 - 2*d - 4. Let y(n) = -n**3 - n**2 - n + 5. Let b be y(0). Let x be h(b). Is (-1)/2*x*-2 a composite number?
False
Let b(t) = 294*t**2 + 3*t - 8. Let x(y) = 588*y**2 + 6*y - 17. Let j(o) = 9*b(o) - 4*x(o). Is j(-3) composite?
False
Suppose -974 - 1125 = -g. Is g prime?
True
Suppose 12711 = 5*z + 2876. Let j = 934 + z. Is j composite?
True
Suppose -4*k = d - 15023, 5*d - 75149 = -0*k - 3*k. Is d prime?
True
Suppose 4*d + 2030 = 2*g, 4*g + g - 5075 = -5*d. Suppose g = 5*k - 3*q, 2*k + 142 = -4*q + 574. Let j = k + -109. Is j a composite number?
False
Let m = 28 + -10. Suppose -5*f = -m - 112. Suppose 3*u - 43 = f. Is u prime?
True
Let d = -13688 + 23167. Is d a prime number?
True
Suppose 3*x - 28 = -5*n, 0*n = 5*x - 2*n - 26. Suppose 2*g - x = -3*z, 5*z + 0*g - 11 = -3*g. Is (-1442)/(-4) - (-2)/z prime?
False
Let g = -31562 + 44847. Is g prime?
False
Suppose -86*a + 22918 = -79*a. Is a prime?
False
Let p = 1421 + -848. Is p a composite number?
True
Suppose -2*b - 5*q - 53 = 0, 0*b + b + 13 = 2*q. Let h(k) = -18*k - 25. Is h(b) composite?
False
Is (6 + (-1 - 7898/(-4)))*2 composite?
True
Let r(j) = 12*j - 24. Let l be r(5). Is (-3)/l*-3 + 3969/12 a prime number?
True
Let n be (0/2)/(-3) + 1. Let i be -4 - ((1 - n) + 1). Is (207/6)/(i/(-10)) prime?
False
Is (210837/(-99))/(-1*2/6) a composite number?
False
Suppose 5*p - 11 = j, j - 5*p - 1 = -3*j. Let t be (-12905)/10 + j/(-8). Let z = t - -1914. Is z prime?
False
Let p(w) be the third derivative of -w**6/120 - w**5/15 - w**4/4 - 11*w**3/6 + 15*w**2. Is p(-8) composite?
False
Let r = 446 - 298. Suppose -10*k = -3*k - 21. Suppose k*f = -3, -4*x + r = -3*x + f. Is x a composite number?
False
Is (-35 - 24)*(-2229)/3 a prime number?
False
Let q(z) = 63*z + 6. Let t be q(8). Suppose 2*c + 0*j + 4*j - t = 0, 2*j + 2 = 0. Is c a composite number?
False
Suppose 0 = 6*m - 34 - 26. Suppose -m*d + 8301 = -16889. Is d a prime number?
False
Suppose -b = 2*v - 1 - 19, 3*v + 47 = 4*b. Let f = -199 - b. Let z = -14 - f. Is z a prime number?
True
Let b = -40 - -49. Is (5 - b) + 0 + 101 prime?
True
Let k be (-11)/(-4) - ((-18)/8 + 2). Is 239/3 + (49/21 - k) prime?
True
Suppose 29*y = 5*y + 156504. Is y prime?
True
Suppose -4 = -d - 0*d. Suppose 2*m + 5*x - 841 = 0, 4*x - d = 8. Is m a prime number?
False
Suppose 3*i + 2*i = -15. Let d(m) = -54*m + 4. Is d(i) a composite number?
True
Suppose -r + 1 = 3*q + q, 2*r + 4*q = 6. Suppose -3*c + 10 = 2*m, -2*c + 25 = r*m + 3*c. Suppose m*o + 42 - 932 = 0. Is o prime?
False
Is (-3)/(-10) - (5780697/(-30))/17 a composite number?
True
Let b = -23747 + 9651. Is (b/(-5) - 13/65) + 0 a prime number?
True
Let q(m) = 3*m - 4*m**2 - 3 + 3*m + 2 + m**3 - 3*m**2. Let v be q(9). Is v + (-4 + 4 - 4) a composite number?
False
Suppose 4*v - 4661 = -4*w + w, v + 3111 = 2*w. Is w composite?
True
Suppose -4 = 10*x - 11*x. Suppose -2*b - 2 = -2*v - 14, 0 = -x*v + 3*b - 25. Let g(a) = -a**3 - 2*a**2 - 8*a + 6. Is g(v) a composite number?
False
Suppose t = 2*t + 2*w + 5, -3*w = 4*t. Suppose -z + 512 = -0*l + 5*l, l = t. Is z a prime number?
False
Let l(g) = -368*g**3 + 7*g**2 - g + 13. Is l(-5) composite?
True
Let i(m) = 137*m**3 - 5*m**2 + 10*m - 23. Is i(4) a prime number?
False
Let t(m) = -m**2 + 2*m + 3. Let q(r) = r. Let b(p) = 4*p - 3. Let u(i) = b(i) - 5*q(i). Let f(o) = -4*t(o) - 5*u(o). Is f(4) a composite number?
True
Let n = -5 - -6. Suppose -7*q - 8 + n = 0. Is 1463/7 + (-4)/q prime?
False
Let f = -2891 - -1775. Is (-5)/10*-2 - f prime?
True
Let c(q) = 7*q**3 + 2*q**2 + 9*q - 19. Let d = 77 + -73. Is c(d) a prime number?
False
Let h(o) = o**3 + 9*o**2 + 8*o + 5. Let q be h(-8). Suppose 0 = -q*x + 7 + 68. Suppose 0*c + c + 3*p = x, -6 = -2*p. Is c prime?
False
Suppose -3*z = -48 + 15. Suppose -z*x = -7*x - 8. Suppose 0 = 6*k - x*k - 212. Is k prime?
True
Let q(z) = 195*z**2 + 5*z + 5. Let m be q(-2). Suppose p + 0*o - 147 = 2*o, 5*p - 2*o = m. Let y = 162 + p. Is y prime?
False
Let a be 4653/12 + 3/12. Let c = a + -231. Is c a composite number?
False
Let h = -1 + 1. Suppose h*v - 4*v + 516 = 0. Let p = v + 56. Is p composite?
True
Let u = -28165 - -45948. Is u prime?
True
Is 1/(4/25170)*70/105 composite?
True
Let m(t) = 8*t**3 - t**2 + t - 1. Let i(k) = k**2 - k. Let n(g) = -2*i(g) - m(g). Is n(-2) a composite number?
False
Suppose 0 = 2*h - p - 104871, 0 = -0*h - 2*h - 3*p + 104851. Is h prime?
True
Let s = -73 - -36. Let g(i) = i**2 - 27*i + 78. Let b be g(28). Let m = s + b. Is m prime?
False
Let g(j) = -j**3 + 8*j**2 + 6*j - 8. Let d = 20 + -15. Suppose -2*w + d*w = 21. Is g(w) a composite number?
False
Let a = -10 - -20. Let t(n) = 79*n + 12. Let f be t(a). Let s = -363 + f. Is s composite?
False
Suppose o = 3*o - 4, 0 = -2*z - 5*o + 2888. Is z a prime number?
True
Suppose 5*g = b - 6*b + 1440, 606 = 2*b - 4*g. Suppose -4*p + 519 + b = 0. Is p prime?
False
Let a be 0/2 + -2*2. Let d(m) = -5*m**3 - 2*m**2 + 5*m - 3. Let p be d(a). Suppose -p = -4*o + 3*b, -b + 135 = 3*o - o. Is o a composite number?
False
Let n(v) = -v**2 + 7*v + 2. Let f be n(7). Suppose 0 = 4*y + 8, 3*j = 4*j + f*y + 2. Suppose -j*q - 5*g + 267 = -4*g, 2*q - 257 = g. Is q a prime number?
True
Let j(v) = -2 - 8*v - 2*v**2 - 6 - 2. Let s be j(-5). Let l = 33 + s. Is l prime?
True
Is ((-164)/8)/((-1)/1262) composite?
True
Let w = -8817 - -12456. Suppose w = 2*r + r. Is r a prime number?
True
Let k be 16/(-40) - (-48)/(-5). Let q = -6 - k. Let z = q + 51. Is z prime?
False
Suppose -8*g + 3*x + 119873 = -3*g, -x = -g + 23975. Is g prime?
False
Let j be (6/